{"id":474,"date":"2023-02-12T19:44:56","date_gmt":"2023-02-12T19:44:56","guid":{"rendered":"https:\/\/wp.julia-wickelt.de\/familienbegleitung\/?page_id=474"},"modified":"2026-03-04T06:40:15","modified_gmt":"2026-03-04T06:40:15","slug":"seminar-kinderyoga","status":"publish","type":"page","link":"https:\/\/wp.julia-wickelt.de\/familienbegleitung\/seminar-kinderyoga\/","title":{"rendered":"Seminar Kinderyoga"},"content":{"rendered":"\n<h2 class=\"wp-block-heading\">Kinderyoga in der Kita<\/h2>\n\n\n\n<p>Zielgruppe dieses Angebotes sind p\u00e4dagogische Fachkr\u00e4fte aus dem Krippen- und Elementarbereich, sowie Tagespflegepersonen, die kreative Fantasiereisen im Kinderyoga entwickeln und erleben m\u00f6chten. F\u00fcr das Seminar ist keine eigene Yoga-Erfahrung erforderlich. <\/p>\n\n\n\n<p><strong>Inhalte Tagesseminar: <\/strong><\/p>\n\n\n\n<ul class=\"wp-block-list\">\n<li>Asanas im Kinderyoga und deren Wirkung<\/li>\n\n\n\n<li>Entspannung und Konzentration im Kinderyoga<\/li>\n\n\n\n<li>\u00dcbungen zur Wahrnehmung des Atems<\/li>\n\n\n\n<li>Fantasiegeschichten und Yogaspiele entwickeln<\/li>\n\n\n\n<li>Gestaltung einer Kinderyoga-Stunde, Stundenaufbau und Ablauf<\/li>\n<\/ul>\n\n\n\n<p>Dieses Grundlagen-Seminar kann als Tagesseminar oder (im Raum Bielefeld) aufgeteilt auf zwei bis vier Termine, von jeweils 1,5  bis 3 Stunden gebucht werden. <\/p>\n\n\n\n<p>Sie sind ein bundesweit t\u00e4tiger Kita-Tr\u00e4ger? Ich f\u00fchre dieses Angebot auch als Online-Seminar via Zoom f\u00fcr Sie durch. <\/p>\n\n\n\n<h4 class=\"wp-block-heading\">Grundlagen-Seminar Kinderyoga: <\/h4>\n\n\n\n<ul class=\"wp-block-list\">\n<li><strong>Dauer:<\/strong> 8 Unterrichtseinheiten<\/li>\n\n\n\n<li><strong>Kosten: <\/strong>\n<ul class=\"wp-block-list\">\n<li>Inhouse-Seminar: 900 \u20ac (zzgl. 19% USt.) zzgl. Fahrtkostenpauschale und ggf. \u00dcbernachtungskosten<\/li>\n\n\n\n<li>Online-Seminar: 750 \u20ac (zzgl. 19% USt.)<\/li>\n<\/ul>\n<\/li>\n\n\n\n<li><strong>Teilnehmerzahl: <\/strong>bis 14 Personen<\/li>\n<\/ul>\n\n\n\n<p>Bei Interesse schreiben Sie mir gern unverbindlich eine E-Mail an: <a href=\"mailto:info@familienbegleitung-bielefeld.de\">info@familienbegleitung-bielefeld.de<\/a><\/p>\n","protected":false},"excerpt":{"rendered":"<p>Kinderyoga in der Kita Zielgruppe dieses Angebotes sind p\u00e4dagogische Fachkr\u00e4fte aus dem Krippen- und Elementarbereich, sowie Tagespflegepersonen, die kreative Fantasiereisen im Kinderyoga entwickeln und erleben m\u00f6chten. F\u00fcr das Seminar ist keine eigene Yoga-Erfahrung erforderlich. Inhalte Tagesseminar: Dieses Grundlagen-Seminar kann als Tagesseminar oder (im Raum Bielefeld) aufgeteilt auf zwei bis vier Termine, von jeweils 1,5 bis [&hellip;]<\/p>\n","protected":false},"author":3,"featured_media":443,"parent":0,"menu_order":0,"comment_status":"closed","ping_status":"closed","template":"","meta":{"_acf_changed":false,"footnotes":""},"class_list":["post-474","page","type-page","status-publish","has-post-thumbnail","hentry"],"acf":{"banner":""},"_links":{"self":[{"href":"https:\/\/wp.julia-wickelt.de\/familienbegleitung\/wp-json\/wp\/v2\/pages\/474","targetHints":{"allow":["GET"]}}],"collection":[{"href":"https:\/\/wp.julia-wickelt.de\/familienbegleitung\/wp-json\/wp\/v2\/pages"}],"about":[{"href":"https:\/\/wp.julia-wickelt.de\/familienbegleitung\/wp-json\/wp\/v2\/types\/page"}],"author":[{"embeddable":true,"href":"https:\/\/wp.julia-wickelt.de\/familienbegleitung\/wp-json\/wp\/v2\/users\/3"}],"replies":[{"embeddable":true,"href":"https:\/\/wp.julia-wickelt.de\/familienbegleitung\/wp-json\/wp\/v2\/comments?post=474"}],"version-history":[{"count":6,"href":"https:\/\/wp.julia-wickelt.de\/familienbegleitung\/wp-json\/wp\/v2\/pages\/474\/revisions"}],"predecessor-version":[{"id":725,"href":"https:\/\/wp.julia-wickelt.de\/familienbegleitung\/wp-json\/wp\/v2\/pages\/474\/revisions\/725"}],"wp:featuredmedia":[{"embeddable":true,"href":"https:\/\/wp.julia-wickelt.de\/familienbegleitung\/wp-json\/wp\/v2\/media\/443"}],"wp:attachment":[{"href":"https:\/\/wp.julia-wickelt.de\/familienbegleitung\/wp-json\/wp\/v2\/media?parent=474"}],"curies":[{"name":"wp","href":"https:\/\/api.w.org\/{rel}","templated":true}]}}