{"id":166,"date":"2020-12-03T19:50:29","date_gmt":"2020-12-03T19:50:29","guid":{"rendered":"\/?page_id=166"},"modified":"2026-05-12T15:19:46","modified_gmt":"2026-05-12T15:19:46","slug":"spiel-und-bewegungsraum","status":"publish","type":"page","link":"https:\/\/wp.julia-wickelt.de\/familienbegleitung\/spiel-und-bewegungsraum\/","title":{"rendered":"Spiel- und Bewegungsraum"},"content":{"rendered":"\n<h4 class=\"wp-block-heading\" id=\"in-anlehnung-an-emmi-pikler\">in Anlehnung an Emmi Pikler<\/h4>\n\n\n\n<p>In diesem Kursangebot gibt es &#8222;kein Programm&#8220;. Dein Kind entscheidet selbst, womit es sich besch\u00e4ftigen m\u00f6chte, was es entdecken mag und mit wem es in Kontakt sein m\u00f6chte. Neben offenen Materialien (wie z.B. Gef\u00e4\u00dfe, Klammern, Sch\u00fcsseln, B\u00e4llen, etc.) bieten verschiedenen Pikler-Bewegungsger\u00e4te eine optimale Umgebung f\u00fcr dein Kind. Du, als Elternteil, erh\u00e4ltst die Gelegenheit dein Kind in seinem Tun zu beobachten und mit mir und den anderen Eltern in den Austausch zu gehen. <\/p>\n\n\n\n<p>Ich biete den Spielraum f\u00fcr zwei Altersgruppen an. Eine Gruppe richtet sich an Eltern mit Kindern im Alter von ca. 6 &#8211; 12 Monaten. Die anderen Gruppen sind passend f\u00fcr Eltern mit Kindern im Alter von ca. 9-18 Monaten. Wenn du dir unsicher bist, welche Gruppe die richtige f\u00fcr euch ist, ruf mich gern an oder schreib mir eine E-Mail.<\/p>\n\n\n\n<hr class=\"wp-block-separator has-css-opacity\"\/>\n\n\n\n<p>Das Kursangebot umfasst 6 Termine a&#8216; 70 Minuten und findet in den R\u00e4umen des Frauenmantel in der Diesterwegstra\u00dfe 9 statt. Alle weiteren Informationen und aktuelle Termine f\u00fcr 2026 findest du <a href=\"https:\/\/kikudoo.com\/familienbegleitung-julia-rose\/courses\">hier<\/a>.<\/p>\n\n\n\n<p>In den Kursen ab August 2026 gibt es aktuell wieder freie Pl\u00e4tze.<\/p>\n","protected":false},"excerpt":{"rendered":"<p>in Anlehnung an Emmi Pikler In diesem Kursangebot gibt es &#8222;kein Programm&#8220;. Dein Kind entscheidet selbst, womit es sich besch\u00e4ftigen m\u00f6chte, was es entdecken mag und mit wem es in Kontakt sein m\u00f6chte. Neben offenen Materialien (wie z.B. Gef\u00e4\u00dfe, Klammern, Sch\u00fcsseln, B\u00e4llen, etc.) bieten verschiedenen Pikler-Bewegungsger\u00e4te eine optimale Umgebung f\u00fcr dein Kind. Du, als Elternteil, [&hellip;]<\/p>\n","protected":false},"author":3,"featured_media":444,"parent":0,"menu_order":0,"comment_status":"closed","ping_status":"closed","template":"","meta":{"_acf_changed":false,"footnotes":""},"class_list":["post-166","page","type-page","status-publish","has-post-thumbnail","hentry"],"acf":{"banner":""},"_links":{"self":[{"href":"https:\/\/wp.julia-wickelt.de\/familienbegleitung\/wp-json\/wp\/v2\/pages\/166","targetHints":{"allow":["GET"]}}],"collection":[{"href":"https:\/\/wp.julia-wickelt.de\/familienbegleitung\/wp-json\/wp\/v2\/pages"}],"about":[{"href":"https:\/\/wp.julia-wickelt.de\/familienbegleitung\/wp-json\/wp\/v2\/types\/page"}],"author":[{"embeddable":true,"href":"https:\/\/wp.julia-wickelt.de\/familienbegleitung\/wp-json\/wp\/v2\/users\/3"}],"replies":[{"embeddable":true,"href":"https:\/\/wp.julia-wickelt.de\/familienbegleitung\/wp-json\/wp\/v2\/comments?post=166"}],"version-history":[{"count":38,"href":"https:\/\/wp.julia-wickelt.de\/familienbegleitung\/wp-json\/wp\/v2\/pages\/166\/revisions"}],"predecessor-version":[{"id":721,"href":"https:\/\/wp.julia-wickelt.de\/familienbegleitung\/wp-json\/wp\/v2\/pages\/166\/revisions\/721"}],"wp:featuredmedia":[{"embeddable":true,"href":"https:\/\/wp.julia-wickelt.de\/familienbegleitung\/wp-json\/wp\/v2\/media\/444"}],"wp:attachment":[{"href":"https:\/\/wp.julia-wickelt.de\/familienbegleitung\/wp-json\/wp\/v2\/media?parent=166"}],"curies":[{"name":"wp","href":"https:\/\/api.w.org\/{rel}","templated":true}]}}